est common factor of v and a.
9
Suppose 3*d + 2 = d. Let p = d - 42. Let a be (-1)/(1 - 0) - p. What is the greatest common factor of a and 63?
21
Let m(h) = -h**3 + 6*h**2 - 2*h + 86. Let i be m(7). Calculate the greatest common divisor of i and 115.
23
Let g = -1 + 5. Let a(t) be the first derivative of 3*t**2/2 - 3*t - 2. Let z be a(g). What is the highest common factor of z and 36?
9
Let h(l) = -l + 7. Let j = 15 + -7. Let f be h(j). Let m be 1*1/(0 - f). What is the highest common factor of 4 and m?
1
Suppose -3*b - 25 - 38 = 0. Let n be 10/(-35) - 489/b. Calculate the highest common factor of n and 184.
23
Let m(h) = -3*h + 8. Let j be m(-6). Suppose -4*r = -2*r - j. What is the highest common factor of 104 and r?
13
Let b = 105 + -50. Let t(i) = i**3 - 4*i**2 - 5*i + 5. Let d be 51/9 - (-4)/(-6). Let l be t(d). Calculate the greatest common factor of b and l.
5
Let w(l) = 7*l**2 - 2*l - 3*l**2 - 2*l**2. Let a be w(2). Calculate the highest common divisor of a and 6.
2
Let z = -112 + 120. Let g = -10 - -6. Let n be -28*(g + 2/1). Calculate the greatest common factor of z and n.
8
Suppose v + 36 = i - 2*v, 0 = -5*i - 5*v + 100. Calculate the highest common factor of i and 192.
24
Let m(j) be the second derivative of -j**5/20 - j**4/4 + j**3/2 + 3*j. Let g be m(-4). What is the greatest common divisor of g and 4?
4
Let p(o) = -7*o - 9. Let m be p(-7). Calculate the greatest common divisor of m and 5.
5
Let q(l) = -l**3 + 5*l**2 + l + 1. Let o be q(5). Suppose 0 = d - o - 3. Calculate the highest common divisor of d and 81.
9
Let g = 71 - 56. Calculate the highest common divisor of 135 and g.
15
Let i(u) = -u + 5. Let g be i(5). Suppose g = 3*y - 34 - 74. What is the greatest common divisor of y and 12?
12
Let n = -7 - -2. Let k = 16 - n. Calculate the highest common factor of k and 7.
7
Let p be 0 + 0/2 - -1*270. Calculate the greatest common divisor of 30 and p.
30
Let o = -100 - -190. What is the greatest common factor of 10 and o?
10
Suppose -h - 8 = -2*h. What is the highest common factor of h and 56?
8
Let o be 2/(-7) - (-112)/49. Let h = 2 + o. What is the greatest common divisor of h and 4?
4
Let b be 2/8 + 234/24. Let s = 55 - b. What is the greatest common factor of 18 and s?
9
Let o(i) = -i**2 - 12*i + 2. Let z be o(-12). Suppose 2*m + 5*w = 50, -3*w = -z*m - m + 96. Calculate the highest common factor of 12 and m.
6
Let o = -291 - -511. What is the greatest common divisor of o and 20?
20
Let x = -161 - -101. Let t be (x/(-25))/((-4)/(-10)). What is the greatest common factor of 54 and t?
6
Let p be (4/10)/(1/5). Suppose 0*o + o = p*l - 97, -l = o - 47. What is the greatest common divisor of 6 and l?
6
Let u(c) = 2*c**3 + c**2 + 3*c + 2. Let n be u(3). Calculate the greatest common factor of n and 185.
37
Let a(i) = -i - 4. Let s be a(-21). Calculate the highest common divisor of s and 119.
17
Suppose -2*s - 8 = 0, s = -4*x - s + 312. Let y be (x/(-4))/(1/(-4)). What is the highest common factor of y and 40?
40
Suppose 0*o = -3*o. Suppose o = -5*p + 7 + 53. Calculate the highest common factor of 36 and p.
12
Suppose -4*s - 5*d - 135 = -4*d, 4*d = 2*s + 90. Let j be (-1 - s)*1/2. What is the greatest common factor of 51 and j?
17
Suppose -3 = 3*d - 3*a, -5*d + 2*a = -2 - 2. What is the greatest common divisor of d and 16?
2
Let z be 4 + (3 - 4) + 22. Let g be (-128)/(-22) + 2/11. Let i = g + -1. What is the greatest common divisor of z and i?
5
Let z(r) = 3*r - 20. Let j be z(13). Calculate the highest common factor of j and 152.
19
Suppose 3*v = -5*x + 324 + 158, -3*x = 3*v - 474. Suppose b - 8 = 6. What is the greatest common divisor of v and b?
14
Let a = 10 + 81. What is the greatest common divisor of 13 and a?
13
Suppose 0 = 2*w - 2. Let q be 2*w/(-1) - -6. Let o be (-3)/(-12) + 15/q. Calculate the greatest common factor of 28 and o.
4
Let a be 58 - (-1)/(-2)*-4. What is the highest common factor of a and 15?
15
Let z be (-30)/(-3)*2/4. Let t be z/((-50)/8)*-50. Calculate the greatest common divisor of t and 16.
8
Let y(a) = a**3 + 25*a**2 + 40*a - 33. Let r be y(-23). What is the highest common divisor of 15 and r?
15
Let o be (2 - 4)/(1/(-240)). Suppose 2*n = -3*n + o. Calculate the greatest common divisor of n and 12.
12
Let i be (-6)/10 + 1338/30. Calculate the greatest common factor of i and 11.
11
Let r be -1 - (9 + -5) - -59. Let j(x) = -x**3 - 5*x**2 - 2*x + 2. Let i be j(-4). Let a = i + 12. What is the greatest common divisor of a and r?
6
Suppose 5*o + 2*v - 60 = -v, -4*o + 56 = 4*v. Let r(g) = -5*g**2 + 6*g**2 + 4*g**2 - 6 + 4*g. Let d be r(-5). What is the highest common factor of d and o?
9
Suppose -2*k = -3*k + 18. Suppose -6*y = -4*y - w - k, 10 = 5*w. What is the highest common factor of 50 and y?
10
Let n(k) = 2*k - 6. Let j = -4 - -6. Suppose -j*u + 13 = 3. Let s be n(u). What is the greatest common factor of 32 and s?
4
Suppose -2*y + 7 = -17. Let s = 206 - 124. Suppose -4*x + s = 34. Calculate the greatest common factor of y and x.
12
Let v be (-2)/3*21/(-1). Suppose -3*s = -2*s. Suppose 21 + s = n. Calculate the greatest common factor of v and n.
7
Let x = 50 - 36. Let i(z) = -z**3 + 8*z**2 - 7*z + 6. Let h be i(4). Suppose -u = 2*u - h. What is the highest common divisor of x and u?
14
Suppose n - 25 = -8. Calculate the highest common factor of 17 and n.
17
Let c(u) = -2*u**3 + 2*u**2 - 3*u - 10. Let p be c(-2). What is the highest common divisor of p and 2?
2
Let i = -41 + -13. Let a be (-9 + 1)*i/24. What is the greatest common factor of 9 and a?
9
Let w be 15/2*(-30)/(-25). Let u(c) = -c**2 + 8*c - 8. Let v be u(7). Let g be v/4 - (-73)/4. Calculate the greatest common factor of w and g.
9
Let l(g) = -g**2 - g + 6. Let o be l(0). Let i = 40 + 85. Let f = i + -77. Calculate the highest common divisor of o and f.
6
Let k(x) = -4*x - 6. Suppose 24 = 5*n - 6. Let j(h) = -h**3 + 5*h**2 + 5*h. Let f be j(n). Let s be k(f). What is the greatest common divisor of s and 27?
9
Suppose 3*c + 36 = 6*c. Calculate the highest common factor of c and 192.
12
Let o(x) = -2*x**2 - 3*x - 1. Let t be o(-2). Let n be 1/t - 75/(-9). Calculate the highest common factor of n and 2.
2
Let z be 0 + 117 - (4 - 7). Calculate the highest common divisor of z and 24.
24
Let y = 5 + -4. Let c = y + -1. Suppose c = b + 2*b - 54. What is the highest common factor of 27 and b?
9
Let n = 54 + -22. What is the greatest common divisor of n and 128?
32
Let k be -3 - ((-14 - 0) + 3). Let s = k - 5. Calculate the greatest common divisor of 3 and s.
3
Suppose -3*x - 6 = -36. Let c = x + -5. Suppose 5*l = 3*l + 2. Calculate the greatest common divisor of l and c.
1
Let f be (-1 + 4)/(3/15). What is the greatest common divisor of f and 3?
3
Let g be ((-3)/(-6))/((-1)/14). Let z(i) = -i**3 - 6*i**2 + 3*i. Let k be z(g). Calculate the highest common factor of 14 and k.
14
Suppose d + 37 = -n, -d - d - 84 = 4*n. Let c = 46 + d. Calculate the greatest common factor of c and 98.
14
Let n be (-2*(-594)/(-24))/((-1)/2). What is the highest common factor of n and 33?
33
Let v(y) = -15*y - 50. Let u be v(-8). What is the highest common divisor of 20 and u?
10
Suppose 0 = -3*z + z + 80. Calculate the greatest common factor of z and 5.
5
Suppose 3*v + 5*o + 147 - 448 = 0, -388 = -4*v - 4*o. Calculate the highest common factor of v and 23.
23
Let v = -6 - -13. Let w(s) = -s**2 + 9*s + 1. Let o be w(v). What is the greatest common divisor of o and 135?
15
Let z = 115 - 43. Let d(j) = 40*j + 32. Let g(n) = n + 1. Let o(w) = -3*d(w) + 96*g(w). Let h be o(-2). What is the highest common factor of h and z?
24
Let z(o) = -o**2 - 9*o + 7. Let k be z(-10). Let p be -2 - k*(-2 + 6). Let x = 21 - p. Calculate the highest common factor of x and 22.
11
Let l be 1/(-5 + 3 + (-198)/(-98)). What is the greatest common divisor of l and 7?
7
Let q(i) = 33*i + 5. Let z(v) = 17*v + 3. Let p(a) = -3*q(a) + 5*z(a). Let y be p(-4). Let l = 5 + 2. Calculate the highest common factor of l and y.
7
Let r be (-8)/(-6)*(-3)/(-2). Suppose r*o - 2 - 4 = 0. Suppose -i = -107 + o. What is the greatest common divisor of i and 13?
13
Suppose 0 = -6*t + 4*t + 66. Suppose 0 = -4*x - 4, 0 = -6*q + q - 2*x + t. Suppose -c + 77 = -0*c. Calculate the highest common divisor of c and q.
7
S